t is the hundred thousands digit of 57237479?
2
What is the hundred thousands digit of 151440024?
4
What is the thousands digit of 167625006?
5
What is the ten millions digit of 922200377?
2
What is the units digit of 598214053?
3
What is the ten thousands digit of 43463840?
6
What is the hundred millions digit of 925085691?
9
What is the ten millions digit of 4891655616?
9
What is the hundred thousands digit of 2447471207?
4
What is the hundred millions digit of 2101012502?
1
What is the thousands digit of 258384738?
4
What is the millions digit of 741995664?
1
What is the thousands digit of 312117130?
7
What is the tens digit of 17765215?
1
What is the hundreds digit of 57652530?
5
What is the ten millions digit of 125625509?
2
What is the millions digit of 7871607623?
1
What is the millions digit of 3494098415?
4
What is the millions digit of 1227878487?
7
What is the hundreds digit of 301862814?
8
What is the hundred thousands digit of 1784810391?
8
What is the ten thousands digit of 185187591?
8
What is the hundred millions digit of 880342710?
8
What is the hundred thousands digit of 2668855?
6
What is the ten millions digit of 402409449?
0
What is the hundred millions digit of 934390555?
9
What is the thousands digit of 91870701?
0
What is the hundred millions digit of 878336697?
8
What is the millions digit of 720568085?
0
What is the millions digit of 820233373?
0
What is the millions digit of 582780308?
2
What is the hundred thousands digit of 271161592?
1
What is the millions digit of 17090802?
7
What is the ten thousands digit of 2837108902?
0
What is the hundred thousands digit of 31739952?
7
What is the millions digit of 6645631095?
5
What is the ten thousands digit of 18165179?
6
What is the hundred millions digit of 217314539?
2
What is the millions digit of 32601190?
2
What is the ten thousands digit of 15762377?
6
What is the millions digit of 23619963?
3
What is the tens digit of 22618611?
1
What is the millions digit of 84150156?
4
What is the tens digit of 41029197?
9
What is the thousands digit of 190797735?
7
What is the ten millions digit of 43791120?
4
What is the hundred thousands digit of 608245691?
2
What is the thousands digit of 413692257?
2
What is the hundreds digit of 19670447?
4
What is the thousands digit of 6318797?
8
What is the units digit of 4830271?
1
What is the hundreds digit of 477292191?
1
What is the hundreds digit of 2989527211?
2
What is the hundred thousands digit of 2517204032?
2
What is the ten millions digit of 466044219?
6
What is the units digit of 106389552?
2
What is the ten thousands digit of 85246374?
4
What is the millions digit of 474170902?
4
What is the ten millions digit of 19362985?
1
What is the millions digit of 130031595?
0
What is the thousands digit of 2416069704?
9
What is the ten millions digit of 16913728?
1
What is the tens digit of 169828580?
8
What is the thousands digit of 121975543?
5
What is the millions digit of 2955404894?
5
What is the millions digit of 827496511?
7
What is the ten thousands digit of 848698066?
9
What is the hundred thousands digit of 11901926?
9
What is the hundred thousands digit of 508441818?
4
What is the hundreds digit of 16719331?
3
What is the hundred thousands digit of 2787561570?
5
What is the millions digit of 31112909?
1
What is the hundred thousands digit of 108707755?
7
What is the ten thousands digit of 279984516?
8
What is the units digit of 63600430?
0
What is the hundred thousands digit of 90841707?
8
What is the units digit of 41875460?
0
What is the hundreds digit of 104559162?
1
What is the billions digit of 3748202941?
3
What is the hundreds digit of 5294227?
2
What is the hundred thousands digit of 29087966?
0
What is the tens digit of 68840364?
6
What is the hundreds digit of 62731157?
1
What is the ten millions digit of 2785131789?
8
What is the units digit of 81155430?
0
What is the hundred thousands digit of 323806236?
8
What is the hundred thousands digit of 4032875084?
8
What is the hundreds digit of 104321404?
4
What is the ten thousands digit of 755694714?
9
What is the hundred thousands digit of 279927582?
9
What is the ten millions digit of 1519178060?
1
What is the hundred thousands digit of 96642023?
6
What is the hundreds digit of 76109532?
5
What is the ten millions digit of 42120807?
4
What is the ten millions digit of 91461544?
9
What is the units digit of 13210949?
9
What is the millions digit of 278494526?
8
What is the thousands digit of 117978940?
8
What is the thousands digit of 35903084?
3
What is the thousands digit of 3616503103?
3
What is the ten millions digit of 45838551?
4
What is the units digit of 37066741?
1
What is the hundred thousands digit of 544069332?
0
What is the hundred millions digit of 725555721?
7
What is the units digit of 14809602?
2
What is the ten millions digit of 47546490?
4
What is the thousands digit of 1267679631?
9
What is the units digit of 72428397?
7
What is the ten millions digit of 294860612?
9
What is the hundreds digit of 1598179229?
2
What is the units digit of 83754616?
6
What is the hundred thousands digit of 661921221?
9
What is the units digit of 151766048?
8
What is the hundred thousands digit of 10596341?
5
What is the millions digit of 360868337?
0
What is the tens digit of 225489614?
1
What is the thousands digit of 54067525?
7
What is the thousands digit of 1635240?
5
What is the ten millions digit of 77746487?
7
What is the hundred thousands digit of 5262644787?
6
What is the ten thousands digit of 184233555?
3
What is the thousands digit of 8161046146?
6
What is the ten millions digit of 140374697?
4
What is the hundred millions digit of 2867022565?
8
What is the tens digit of 102646044?
4
What is the ten millions digit of 35269608?
3
What is the hundreds digit of 1855527546?
5
What is the hundred thousands digit of 72552348?
5
What is the millions digit of 158977731?
8
What is the ten millions digit of 19635083?
1
What is the ten thousands digit of 335822484?
2
What is the ten thousands digit of 204219?
0
What is the hundred thousands digit of 5338604054?
6
What is the ten millions digit of 4293722475?
9
What is the millions digit of 2246357735?
6
What is the tens digit of 66210001?
0
What is the hundred thousands digit of 7196646066?
6
What is the billions digit of 5341350116?
5
What is the hundred thousands digit of 181583018?
5
What is the hundred thousands digit of 84842538?
8
What is the thousands digit of 40855356?
5
What is the hundred thousands digit of 4607346929?
3
What is the hundred millions digit of 111264567?
1
What is the hundred thousands digit of 3149516131?
5
What is the ten millions digit of 5382711554?
8
What is the thousands digit of 91015658?
5
What is the hundreds digit of 37050986?
9
What is the hundreds digit of 5817302629?
6
What is the hundred thousands digit of 5841817669?
8
What is the ten millions digit of 112040128?
1
What is the ten thousands digit of 152175490?
7
What is the ten thousands digit of 616133695?
3
What is the hundreds digit of 24743213?
2
What is the hundred thousands digit of 74584236?
5
What is the ten millions digit of 412474047?
1
What is the ten thousands digit of 113307873?
0
What is the hundred millions digit of 178238273?
1
What is the hundreds digit of 1931528546?
5
What is the ten thousands digit of 552214037?
1
What is the units digit of 7464908058?
8
What is the hundred millions digit of 1764769782?
7
What is the ten millions digit of 577231321?
7
What is the tens digit of 70147704?
0
What is the millions digit of 83651360?
3
What is the ten millions digit of 2802923961?
0
What is the thousands digit of 76694939?
4
What is the tens digit of 292840379?
7
What is the millions digit of 20356602?
0
What is the hundred thousands digit of 16922551?
9
What is the hundreds digit of 250693684?
6
What is the hundred thousands digit of 1590582466?
5
What is the hundred thousands digit of 52504515?
5
What is the tens digit of 5501476472?
7
What is the hundred thousands digit of 532022731?
0
What is the tens digit of 54842677?
7
What is the tens digit of 2450299?
9
What is the ten thousands digit of 47887292?
8
What is the thousands digit of 9855490?
5
What is the thousands digit of 191483014?
3
What is the